(-16 + -5).
13
Let x(z) = z**3 - 47*z**2 + 46*z + 24. Calculate the remainder when 981 is divided by x(46).
21
Let l = -3402 - -3547. What is the remainder when 555 is divided by l?
120
Let l(t) = 65*t + 1561. Calculate the remainder when l(-10) is divided by 287.
50
Suppose v - 5*l - 56 - 918 = 0, 2794 = 3*v + l. Calculate the remainder when v is divided by 222.
46
Suppose -3*p - 2*g + 14 = 0, -12 = -2*p + p + 3*g. Let i = -65 + 43. Let r = 51 + i. Calculate the remainder when r is divided by p.
5
Calculate the remainder when 478 is divided by 25/((-150)/36) + 156/(-30)*-5.
18
Let s = 54 - 26. Let q be 6/18 - (-14)/(-6) - -11. Suppose -3*a + 21 + q = 0. What is the remainder when s is divided by a?
8
Let x be (-22 - -14) + (1 - -2). What is the remainder when 4/x + -5 + 3598/35 is divided by 20?
17
Let u(l) = 131*l + 16. Let x be u(2). Let o = x + -254. Calculate the remainder when o is divided by 15.
9
Suppose 14388 = 8981*r - 8948*r. What is the remainder when r is divided by 219?
217
Let j(w) = 12*w + 10. Suppose -4*q = -4*h + 24, 4*q - 15 = 1. Suppose -12*x + 64 = -h*x. Calculate the remainder when j(7) is divided by x.
30
What is the remainder when -10 - 464/(-44) - (-42619)/11 is divided by 20?
15
Suppose -6*q = -3462 + 3336. Calculate the remainder when 2098 is divided by q.
19
Let z = 23 - 44. Let d = 39 + z. Suppose -2*t - v + 2*v = -45, -t + d = v. Calculate the remainder when 40 is divided by t.
19
Let z(r) = 2*r**2 - 50*r + 309. What is the remainder when (-664)/2*(0 - 1) is divided by z(8)?
36
Let b(p) = 235*p**3 + 2*p**2 - 4*p + 4. Let h be b(1). Suppose 0 = -5*s + q + 395, -2*q = -3*s - q + h. Calculate the remainder when 155 is divided by s.
76
Let w(u) = 915*u + 39383. Let m(h) = -2*h - 5. Let a be m(-5). Suppose t = 4*l + 6, a*t - 60 = t - 2*l. Calculate the remainder when w(-43) is divided by t.
10
Let j = 310 + -294. Let w = -71 + 81. Let s(u) = 6*u + 17. What is the remainder when s(w) is divided by j?
13
Suppose 122*s - 19802 - 19408 = -7734. Let m = 41 - -48. What is the remainder when s is divided by m?
80
Let h(c) = 3 - c - 4*c + 2 + 3*c. Suppose 3*i = -3*i. Calculate the remainder when h(i) is divided by 1.
0
Suppose -5*b = n - 9*b + 9, -3*n + 2*b - 7 = 0. Calculate the remainder when ((-40)/(-25))/((1/(-35))/n) is divided by 19.
18
Let i(m) = -11*m**2 + 18*m + 85. Calculate the remainder when 117 is divided by i(-2).
2
Suppose 2*g = 2, -w + 3*g = 2*w - 33. Let t = -1686 - -1763. What is the remainder when t is divided by w?
5
Suppose -124*i = 43*i + 22*i - 3402. Calculate the remainder when 1645 is divided by i.
7
Suppose -82 - 166 = -4*u. Let n = 142842 + -142831. Calculate the remainder when u is divided by n.
7
Let i be 2 - 4/(-8)*8. Suppose -7*n + 41 - i = 0. Suppose 3*r = b - 7 - 13, -b - n*r - 4 = 0. What is the remainder when 64 is divided by b?
9
Suppose 1136*b - 1158*b = -11550. Calculate the remainder when b is divided by 12.
9
Suppose -3*w = -2*w + 23. Let s = -3 - w. Suppose -2*o - s = -26. What is the remainder when o is divided by 3?
0
Suppose 4*b + 114 = 34. What is the remainder when 262 is divided by -2 + b/(-16) + (-38)/(-8)?
2
Suppose 141 = 4*h + 25. Suppose 3*j - 3*f = 0, 10*j + f + 24 = 5*j. Calculate the remainder when h is divided by -48*(j + (-5)/(15/(-11))).
13
Suppose -1 + 13 = 3*g. Suppose t - 2 = 0, -5*t + 11 = 2*z - 9. Suppose -28 = -3*y + 4*i, -3*y = z*i - 20 + 1. What is the remainder when y is divided by g?
0
Let n(s) = -s**3 - s**2 + 25. Let x = 182 - -53. Suppose 0 = -49*g + 44*g + x. What is the remainder when g is divided by n(0)?
22
Let k = 137 + -38. Suppose 2*x = o + 8, -5*o = -7*o. Suppose x*c + 29 = j, -j + 15 = 5*c - 5. Calculate the remainder when k is divided by j.
24
Suppose 3*n - 10938 = -3*g, 8*g - 3691 = 7*g - 16*n. Calculate the remainder when g is divided by 18.
7
What is the remainder when 1679 is divided by 4/(-20) - (-115194)/1095?
104
Suppose -4*b + 6*s - 263 = 5*s, -12 = -4*s. Let n be (-89 - 1)/(-1 - (-10)/(-20)). Let m = n - b. What is the remainder when m is divided by 21?
20
Let d = -1258 - -1282. What is the remainder when d is divided by 4?
0
Let n be 3/15 + (-1432)/10. Let q = 267 - n. What is the remainder when q is divided by 32?
26
Calculate the remainder when 1845 is divided by (-1)/7 + (-7832)/(-2492).
0
Suppose -5*i = -v - 59, 9 = -4*i - 3. Let m = v + 46. What is the remainder when 47 is divided by (m/(-42))/((-2)/(-15))?
2
Let s(v) = -2*v**3 - 13*v**2 - 29*v + 9. What is the remainder when 286 is divided by s(-6)?
139
Let t be 3 + (-2 + 1)/(3/9). Suppose -r - 4*r - 350 = 5*d, -4*r + 2*d - 256 = t. Let p = r - -117. Calculate the remainder when p is divided by 27.
24
Let u(d) = -d**3 + 2*d + 64. Let x be u(0). Let s = 69 - x. Calculate the remainder when 49 is divided by (-3)/(-1) - 1/(s/(-70)).
15
Let u(i) = -i**3 - 12*i**2 - 14*i + 9. Let m be u(-11). Suppose 58*b - 51*b = m. What is the remainder when 28 is divided by b?
4
Suppose 6*m = 2*m + 64. Suppose 0 = 7*p - m*p + 18. Suppose 40*c = 38*c + 14. Calculate the remainder when c is divided by p.
1
Suppose 6*t + 920 = 5*o + 2*t, 0 = t + 5. Suppose 15*r - 20*r = -920. Suppose -10*h + r = -276. What is the remainder when o is divided by h?
42
Let w = 11204 - 4641. What is the remainder when w is divided by 65?
63
Suppose 2*p = 21 - 1. Let b(u) = -u**2 - 13*u - 8. Let n be b(-12). Suppose -n*d = -7*d + 168. What is the remainder when d is divided by p?
6
Suppose -3*p + 11 = 134. Let d be (1 - p)*(4 + -5). Let y = d + 52. What is the remainder when y is divided by 4?
2
Suppose 9120 = -s - 15*s. Let g = s + 582. What is the remainder when 283 is divided by g?
7
What is the remainder when (-432)/(-18)*30/3 is divided by 23?
10
Suppose 49 = 3*f - 326. Let s be f/(-2)*20/(-25). Let o = s + -28. Calculate the remainder when 41 is divided by o.
19
Suppose -110*c + 1090 = -100*c. What is the remainder when c is divided by 10?
9
Suppose -17*z - 2684 = -4*x, 38*x - 36*x - 4*z = 1324. Calculate the remainder when x is divided by 225.
204
Let j be (-3)/(-2)*6/1. Let r = j - 7. Suppose 3*h - 4*t = 147, 3*t - r = h - 56. What is the remainder when 178 is divided by h?
43
Let r be (-266)/63 - 2/(-9). Let j be (15/3)/(-5) - r. Suppose 49 = j*n + 13. Calculate the remainder when 23 is divided by n.
11
Let w be (-87)/116 + (-1090)/8. Let h = w - -155. Calculate the remainder when 83 is divided by h.
11
Let c = -9302 - -9734. What is the remainder when c is divided by 132?
36
Suppose 369929 = 200*b + 325329. Suppose -34 = -a + 74. What is the remainder when b is divided by a?
7
Calculate the remainder when 817 is divided by (8/12)/((-4810)/1209 - -4).
11
Suppose -5*y + 433 = j + 2*j, 0 = j + 4*y - 135. Suppose j = 3*g - 59. What is the remainder when g is divided by 24?
22
Suppose -1248*v = -1254*v + 19374 - 2088. Calculate the remainder when v is divided by 13.
8
Let s = 54 + -49. What is the remainder when s*21/(-35)*214/(-6) is divided by 22?
19
Let a(h) = -h**2 - 9*h - 4. Let l be 3 + ((-81)/(3 + 0) - 1). Let j = 17 + l. What is the remainder when 15 is divided by a(j)?
3
Suppose -3*x + 6 = 0, 2*t - 4*x = -t - 56. Calculate the remainder when 103 is divided by 4*((-12)/t - 0) - -36.
25
Suppose 3*x = -5*l + 128, -l - 43*x = -48*x + 8. Calculate the remainder when 81/2*(1 - -1) is divided by l.
15
Suppose 0 = 224*a + 61*a - 37050. Calculate the remainder when 3769 is divided by a.
129
Let q(c) = 2*c**2 - 11*c + 3. Let l be q(5). Calculate the remainder when (-1)/((l/(-104))/((-6)/12)) is divided by -5*9/(-10)*2.
8
Let t(w) = w - 78. Let s be t(17). Let b = 74 + s. Let f = 146 + -95. What is the remainder when f is divided by b?
12
Let n = -5 - -20. Let a(g) = 6*g**2 - 2*g - 3. Let i be a(-3). Let f = -31 + i. What is the remainder when f is divided by n?
11
Let z be -5 + 2 + -140 + 3. Let m be 80/(-14) - 5/z*-8. What is the remainder when m/(-16) - 1000/(-64) is divided by 12?
4
Suppose 5*s + 56 = -4*q + 5*q, -4*q = 5*s - 74. What is the remainder when 506 is divided by q?
12
Let y = 39323 + -32221. What is the remainder when y is divided by 158?
150
Let k(m) = 20*m**2 + 5*m - 4. Suppose 6*i + 16 - 22 = 0. Calculate the remainder when k(i) is divided by 3.
0
Calculate the remainder when ((-10292)/(-4))/((-13)/